 - 5*y(i). What is the remainder when 1*52/4 - 2 is divided by z(7)?
3
Let q(h) = 336*h - 1969. What is the remainder when q(10) is divided by 47?
28
What is the remainder when 905 is divided by (1089/36 - 5)*(2 + 2)?
97
Suppose -9*g = -3 + 93. Calculate the remainder when 63/(-2)*g/(-10)*-2 is divided by 29.
5
Let t(k) = 126*k + 1435. What is the remainder when 273 is divided by t(-11)?
28
Let b(x) = 37*x - 67. Let m be b(2). Suppose j - 1888 = -m*j. Calculate the remainder when j is divided by 14.
12
Suppose 396 = 5*r - 69. Let z be ((-2)/(-3) + 36/108)*-71. Let h = r + z. What is the remainder when 65 is divided by h?
21
Let x(n) = -n**3 + 28*n**2 + n + 46. What is the remainder when x(28) is divided by (1 + 1)/((-148)/(-2886))?
35
Let z(a) = 407*a - 1603. What is the remainder when 323 is divided by z(4)?
23
Suppose -2*h - 23 = 148*x - 149*x, -5*h = 30. Calculate the remainder when 4058 is divided by x.
10
Let b be ((-128)/20)/(-4)*5. Let n(i) = 2*i - 10. What is the remainder when (-232)/(-7) - (165/(-21) - -8) is divided by n(b)?
3
Let y(l) = -7*l**2 + 7*l + 63. Let c(z) = 24*z**2 - 20*z - 187. Let w(i) = -2*c(i) - 7*y(i). What is the remainder when 75 is divided by w(16)?
30
Let y(j) = 33*j**3 - 2*j**2 - 7*j + 6. Let f be y(1). Let u = 124 + -53. Let a = u - f. What is the remainder when a is divided by 21?
20
Suppose -18*x + 1212 - 996 = 0. What is the remainder when 177 is divided by x?
9
Let h = 65 - 45. Let a = -270 + 487. Let x = a + -206. Calculate the remainder when h is divided by x.
9
Let k = 3667 + -3498. Calculate the remainder when k is divided by 15.
4
Let p = 5727 - 4844. Calculate the remainder when p is divided by 177.
175
Suppose 186 = 5*i + 2*p + 25, 0 = 4*i + 5*p - 139. Calculate the remainder when 60 is divided by i.
29
Let c(q) = -250*q - 97. Let d be c(-6). Suppose -27*b = -271 - d. Calculate the remainder when 183 is divided by b.
59
Let y = -7612 - -8784. What is the remainder when y is divided by 30?
2
Suppose 15 = -6*w + 3*w. Let g = 732 - 712. What is the remainder when (1/(-3))/(w/885) is divided by g?
19
Let a be 2*(0 + 34/4). Suppose -11 = 12*m - 9*m + 4*i, m - 4*i - 23 = 0. Suppose 0 = m*n - 7 - a. Calculate the remainder when n is divided by 7.
1
Let i(y) = 3*y**3 - 1110 + 1119 - y - 4*y**3 + 7*y**2. What is the remainder when i(4) is divided by 27?
26
What is the remainder when (74/592 + 22/(-48))*-477 is divided by 100?
59
Calculate the remainder when 231/44*(-8)/(-9)*3 is divided by 20/(-6)*(-18)/5.
2
Suppose 4*h - 61 = -3*g, 15*h - 199 = -g + 81. Let v(p) = 10*p**2 + 4*p + 6. Calculate the remainder when v(-4) is divided by h.
17
Suppose -36*m = -8601 - 399. Let v(a) be the second derivative of a**4/6 - a**3/6 - 5*a. Calculate the remainder when m is divided by v(-4).
34
Let g(p) = -11*p + 110. Let n be g(10). Let h(l) = -15*l + 47. Calculate the remainder when h(n) is divided by 18.
11
Let z be 0/2*-3*4/(-12). Suppose z = -10*g + 15*g - 1065. What is the remainder when g is divided by 54?
51
Let f(p) = -209*p - 4571. Let d(t) = 11*t**2 + 2*t + 1. What is the remainder when d(-2) is divided by f(-22)?
14
Let y = -296 + 298. Suppose -y*s = -4*s - 5*f + 138, 185 = 3*s + 2*f. What is the remainder when s is divided by 16?
11
Let t = 6148 - 5942. What is the remainder when t is divided by 59?
29
Let t(p) = -2*p**3 - p**2 - 4*p - 2. Suppose 63 = 4*y + 79*h - 78*h, 0 = -5*y - 19*h - 223. What is the remainder when t(-3) is divided by y?
15
Let x(d) = -d. Let g be x(-10). Suppose 15 = g*u - 5*u. Let l(q) = 13*q - 10. What is the remainder when l(u) is divided by 15?
14
Suppose 7*d = -d + 384. Suppose 5*l = 3*s - 34, -s - s + d = 3*l. Calculate the remainder when 53 is divided by s.
17
Let a = 166686 + -166670. What is the remainder when (-63)/6*24/(-2) is divided by a?
14
Let f be 2/(-20) + (-1051091)/(-610). Suppose -1713*n - 960 = -f*n. Let u(t) = -7*t - 3. What is the remainder when n is divided by u(-2)?
8
Let c(s) = s**3 + 58*s**2 - 62*s - 145. Let v = -570 - -511. What is the remainder when c(v) is divided by 12?
8
Suppose -1 = -3*h + 161. Let b(o) = 446*o - 32528. Calculate the remainder when h is divided by b(73).
24
Let h = 7837 - 6473. Calculate the remainder when h is divided by 38.
34
Let f(g) = 3*g**3 - g**2 - 7*g + 12. Let v = 337 + -335. Calculate the remainder when 60 is divided by f(v).
6
Suppose 0*p + 185 = -3*p - 4*n, -p - 49 = -5*n. Let g = 47 + -85. Let h = g - p. What is the remainder when 39 is divided by h?
18
Let m be 11*(-3 + 4)/1. Let q(a) = -a**2 + 12*a - 5. Let d be q(m). Calculate the remainder when 24 is divided by 30/d - 16/(-4).
6
Let w = 45 + 0. Calculate the remainder when (-38)/(-2) + ((-510)/(-30) - -53) is divided by w.
44
Let h = 534 + -315. Let g(s) be the third derivative of s**5/20 + s**4/6 - s**3/3 - 24*s**2. What is the remainder when h is divided by g(3)?
34
Suppose -3*p - 2*h + 25 = -0*h, p + 20 = 5*h. What is the remainder when 1443/18 - (-28)/(-24) - -9 is divided by p?
3
Suppose k - 5*p - 73 = 187, -5*p = -3*k + 830. Calculate the remainder when k is divided by 56.
5
Suppose -34 - 10 = -2*r. What is the remainder when 807 is divided by r?
15
Let w(t) = 4*t - 6. Let g(c) = 14*c - 18. Let o(u) = -3*g(u) + 10*w(u). Calculate the remainder when 79 is divided by o(-7).
7
Let a(n) be the first derivative of 3*n**2/2 - 20*n - 1352. Let f be -2*(0 + 9/(-2)). Calculate the remainder when a(f) is divided by 2.
1
Suppose -6*m + 12*m = -m + 6370. Calculate the remainder when m is divided by 226.
6
What is the remainder when (-44)/(-3) - (-43)/129 is divided by 4?
3
Let b be (0 + -7 - -6)*-8. Suppose -4*g = 8, -5*g = 4*d - b*d + 230. Calculate the remainder when d is divided by (2 - 2 - -38)/2.
17
Let i(y) = 2*y**3 - 5*y**2 + 2*y + 1. Let j be 3 - (-5 - (-7 - -2)). What is the remainder when 64 is divided by i(j)?
0
Let h = 15 - 20. Let u(o) = o**3 + 4*o**2 - 5*o - 2. Let b be u(h). What is the remainder when (0 - 2) + b/4*-74 is divided by 12?
11
Suppose 990 = -150*t + 2640. What is the remainder when (-7588)/(-21) - 2/6 is divided by t?
9
Let c be 3/(9/(-4))*36/(-24). Let m(k) = 10*k**2 - 14*k + 24. What is the remainder when 179 is divided by m(c)?
35
Let f(t) = 2*t**3 - 5*t**2 + 6*t - 2. Suppose 3*n + 21 - 6 = 0, -75 = -j - 3*n. Calculate the remainder when f(4) is divided by 1/10 - 447*(-3)/j.
10
Suppose -4*s + 2*j = -22, 0*s + 4*s - 5*j - 31 = 0. Suppose -108 = -o - 2*i, -s*o + 4*i = -8*o + 428. What is the remainder when o is divided by 23?
14
Let r(n) = 4*n**2 - 1. Let c(a) = a**2 + 4*a + 3. Let s be c(-4). Suppose -13 = -s*d + 41. What is the remainder when r(-3) is divided by d?
17
Suppose 2*k - p = 5, 4*k + 11*p - 3 = 14*p. Let r(v) = 20*v + 1. What is the remainder when r(1) is divided by k?
3
Let f be -3*((-10)/(-3) - 5). Suppose 16 - 91 = -f*b. What is the remainder when b is divided by 13?
2
Suppose 0 = 9*y + 1 - 28. Suppose 2*x + 3*c = 15, -4*x + y*c = -c - 80. Calculate the remainder when x is divided by 4.
3
What is the remainder when 1927 is divided by 66 - (-13 + 100/10)?
64
Let u = 1042 + -849. Calculate the remainder when u is divided by 55.
28
Let z(k) = -k**3 + 19*k**2 + 86*k - 600. What is the remainder when 1004 is divided by z(9)?
20
What is the remainder when 11798/18 + 125/225 is divided by 14?
12
Let o(w) = 17*w**2 - 393*w + 50. Calculate the remainder when 24 is divided by o(23).
0
Let b = -254 - -256. Let r = -4 - -22. What is the remainder when r is divided by b - ((-32)/6)/((-38)/(-57))?
8
Suppose 4*s = 16, -4*x + s = -2*s - 72152. Calculate the remainder when x is divided by 24.
17
Let c(y) = 25*y**2 - 735*y + 58. Calculate the remainder when c(31) is divided by 649.
0
Let u(c) = -c**2 - 13*c - 19. Let s be u(-7). Calculate the remainder when 43 is divided by (6 - 5/1)*s.
20
Suppose 2*q - 174 = -4*w, 5*w + 2*q - 5*q = 190. Suppose 267 = 44*j - w*j. Calculate the remainder when j is divided by 15.
14
Let z = -3363 + 3786. Calculate the remainder when z is divided by 72.
63
Let x = -1021 - -1429. Calculate the remainder when x is divided by 111.
75
Let h = 1500 + -1362. What is the remainder when 400 is divided by h?
124
Let g = 874 - 183. Let z = -560 + g. Calculate the remainder when z is divided by 66.
65
Suppose 69*d - 73*d + 184 =